 the prime factors of (-34)/(-6) + a/(-6).
2, 3
Let f be -1 - -3 - 3/(-3). Suppose f*r - 5*m = -28, 3*r - 3*m = 4*r + 28. Let c = 35 + r. What are the prime factors of c?
19
Let y(n) = -2*n**2 + 0 + 0 - 4 + n + 6. Let d be y(-2). What are the prime factors of -8*2/d*5?
2, 5
Suppose -3*o - 3 + 0 = 0. Let k = o - -14. List the prime factors of k.
13
Suppose -138 = -8*y + 6*y. Let g = y + -38. What are the prime factors of g?
31
Let c = 82 - 53. What are the prime factors of c?
29
Let t be (1 - 3)*12/(-8). Suppose t*m - 4 - 2 = 0. Suppose -w - m*w = -21. What are the prime factors of w?
7
Suppose -14 - 22 = -3*c. List the prime factors of c.
2, 3
Let p = -4 - 8. Let d(g) = -g**2 - 5*g - 14. Let o be d(10). List the prime factors of o/p - 1/(-3).
2, 7
Let o(a) = a**2 + 3*a + 1. Let s be o(-3). What are the prime factors of (-1 - -2)/s - -1?
2
Let l(i) = -1 + 2*i**2 + 4*i**3 - 3*i**3 + 4*i - 2*i**3. Let s be l(3). List the prime factors of ((-2)/(-3))/(s/15).
5
Suppose h + h = 18. Suppose h*b - 4*b = 50. List the prime factors of b.
2, 5
Let p(q) = -14*q**2 - q - 5. Let s(g) = 5*g**2 + 2. Let c(n) = 6*p(n) + 17*s(n). Let z be c(4). List the prime factors of z/(1*(-1)/2).
2
Suppose -v + k + 5 = -3*k, 0 = v - 3*k - 5. What are the prime factors of 320/12*6/v?
2
Suppose -4*y = i - 28, -y - 4*y + 68 = 4*i. Suppose 0 = -5*a - 2*z - 0 - 3, -a + 2*z = 3. Let t = a + i. List the prime factors of t.
11
What are the prime factors of (52 - 1)*(-6)/(-9)?
2, 17
Let a(t) be the second derivative of -t**6/720 + t**5/20 - t**4/12 + 3*t. Let r(o) be the third derivative of a(o). List the prime factors of r(-5).
11
Suppose 5*s + 42 = 8*s. List the prime factors of s.
2, 7
What are the prime factors of (-9)/6*510/(-9)?
5, 17
Let n = 138 - -26. What are the prime factors of n?
2, 41
Suppose 2*o - 10 = 5*x, -5*x = -o + 6 + 9. Let u = 10 + o. Suppose 3 = -q + 2*f, -u*f = 2*q + q - 35. List the prime factors of q.
5
Suppose 8 = -0*m - 4*m. Let q = 4 + m. Suppose -2*j + q = -6. List the prime factors of j.
2
Let t be 2*3/6 + 1. Suppose 0*d - t*v = -2*d + 4, -d - 5*v = -14. List the prime factors of d.
2
Let a(w) = 0*w - 6*w - 12 - 2. List the prime factors of a(-6).
2, 11
Suppose -3 = -5*j + 17. Suppose -p - 2*b - 6 = -4*b, -2*p - 3*b = -16. What are the prime factors of j - (p + 1)/3?
3
Suppose h + g - 16 = -3*h, 3*h - 7 = -2*g. Let c(i) = -5*i + 5. Let q be c(h). Let k = 28 + q. List the prime factors of k.
2
Let f(c) = 6*c. Let x be f(4). Let t = 34 - x. List the prime factors of t.
2, 5
Let c(o) = 6*o + 4 + o**2 + 2 + 1. Let r be (-2)/(1 - -1)*5. What are the prime factors of c(r)?
2
Let j = -17 + 20. Suppose -5*r = 3*b - 75, -j*r + 49 - 4 = 5*b. What are the prime factors of r?
3, 5
Let k(n) = 38*n**3 + 2*n**2 - n. What are the prime factors of k(1)?
3, 13
Suppose 3*z - 25 = -2*z. Suppose 0*l - z*l + 160 = 0. Suppose -4*r = -h + l, 3*h + 0*h - 5*r - 61 = 0. What are the prime factors of h?
2, 3
Suppose -3*m - f = 4, f + 2*f = 3*m + 12. Let o be -2 - ((-2 - 2) + m). Suppose -3*c - o*k = -32, 4*c - 2*k - k = 51. What are the prime factors of c?
2, 3
Let b(x) = -x**2 + 10*x + 14. List the prime factors of b(8).
2, 3, 5
Let i(m) be the third derivative of -m**5/60 + m**4/24 - 10*m**3/3 - m**2. Let w be i(0). What are the prime factors of (-1)/5 - 124/w?
2, 3
Suppose 4*g = 5*g - 84. Suppose c + 44 = 3*u, 4*u + 7*c - 2*c - g = 0. Suppose -4*v - u = -d, -2*d + 35 = 3*d - 5*v. What are the prime factors of d?
2
Let k = 76 - 43. List the prime factors of k.
3, 11
Let y = 19 - 30. What are the prime factors of 2/y - (-46)/11?
2
Let q = -4 + 16. Let o = q - -6. What are the prime factors of o?
2, 3
Suppose -7*m + 319 = -325. List the prime factors of m.
2, 23
Suppose -2*g + 625 = 3*g. What are the prime factors of g?
5
Let w(n) = -n**3 - 6*n**2 + 8*n - 17. What are the prime factors of w(-8)?
47
Let a = -12 + 15. What are the prime factors of (a - 1)*39/6?
13
Suppose -88 = 4*g - 0*g. Let k = -16 - g. List the prime factors of k.
2, 3
Let i(n) = -n**3 - 3*n**2 + 3*n - 5. List the prime factors of i(-5).
2, 3, 5
Suppose 2*y + 4*q - 28 = 66, 3*y - 138 = -5*q. Let j = y + -20. Let s = -15 + j. List the prime factors of s.
2, 3
Let m be (8 - 0)/((-20)/90). What are the prime factors of (-15 + 0)/(m/60)?
5
Suppose 0 = 17*l - 14*l - 444. List the prime factors of l.
2, 37
Let f = 37 - 18. Suppose f + 14 = u. Suppose -4*h - u = -2*a + h, -3*a + 22 = -2*h. What are the prime factors of a?
2
Suppose 3*t - o + 2 = -8, -2*t - 5*o = 35. Let m = 8 + t. What are the prime factors of m?
3
Suppose 2*b + 82 = 3*b. What are the prime factors of b?
2, 41
Let m(q) = q**3 - 15*q**2 - 17*q + 16. Let g be m(16). Suppose -8 = -g*l - 4*l. List the prime factors of l.
2
Let t = 437 - 280. What are the prime factors of t?
157
Suppose 3*g - 128 - 63 = c, 0 = 2*g + c - 119. Let h be (2 + 0 + -1)*0. Suppose -5*v + g = -h*v - 2*i, -3*i - 30 = -3*v. What are the prime factors of v?
2, 7
Let g = -24 - -26. Suppose 0 = -r - 5, -34 - 30 = -g*i + 2*r. List the prime factors of i.
3
Suppose 2*b - 4*b - 5*q = -162, 2*q = -4*b + 292. What are the prime factors of b?
71
Let i(r) = 12*r**3 + 2*r - 3. Let c(x) = 47*x**3 - x**2 + 9*x - 13. Let s(d) = 2*c(d) - 9*i(d). List the prime factors of s(-1).
13
Suppose -12 = 5*b + 5*u - 77, 4*b + u - 40 = 0. Let s be 2/b + 1256/18. Suppose -3*x = 2*x - s. What are the prime factors of x?
2, 7
Suppose -4*w + 9 = -27. What are the prime factors of w?
3
Let i(q) = 4*q + 5*q**2 + q**3 + 0*q - 3*q + q. What are the prime factors of i(-2)?
2
Suppose a - 5 + 0 = -5*q, -2*q + 2 = 0. Let l be (1 + 9)/(2 + a). Suppose -14 = -l*t + p + 80, -2*t - 5*p + 16 = 0. What are the prime factors of t?
2, 3
Let i = 24 - -8. List the prime factors of i.
2
Let q(b) = 3*b - 13. List the prime factors of q(5).
2
Let z = -160 - -281. Suppose 2*r - 4*o = o + 67, -5*r = 3*o - z. What are the prime factors of r?
2, 13
Let x = 34 - 24. Let i = x - -16. List the prime factors of i.
2, 13
Suppose 0*u + 5*u = 0. Suppose 4*l + 5 - 53 = u. List the prime factors of l.
2, 3
Suppose -5*t - 5*m = -0*t - 185, -3*t = m - 109. List the prime factors of t.
2, 3
Let y be 3*-4*(-4)/(-2). Let h = y - -34. What are the prime factors of h?
2, 5
What are the prime factors of (-105)/(-3)*(-8)/(-8)?
5, 7
What are the prime factors of (-1260)/(-24)*1*8/3?
2, 5, 7
Suppose 2*d - 5*z - 35 - 14 = 0, 3*d - 63 = -3*z. Suppose 2 = -4*q + d. List the prime factors of q.
5
Let q(z) = z**2 + 5*z - 13. What are the prime factors of q(-9)?
23
Suppose 0 = -5*x + 2*x - 6, -3*d = 2*x + 46. Let o = 35 + d. List the prime factors of o.
3, 7
Let n(k) = k - 5. Let z be n(0). Let g = z + 11. Let p = g - 3. List the prime factors of p.
3
Suppose -o + 11 = 4*w - 6, -4*o = -w. What are the prime factors of w/(-8)*(-48)/1?
2, 3
Suppose -3*f = 47 - 2. Suppose 0 = 5*h + 15 + 20. Let c = h - f. List the prime factors of c.
2
Suppose -2*h - 14 = -50. What are the prime factors of h?
2, 3
Let r = 11 + 63. What are the prime factors of r?
2, 37
Suppose 4*n + 0 = -4. List the prime factors of -4*11*n/4.
11
Let y = 76 + 85. List the prime factors of y.
7, 23
Suppose n - 2*t + 5*t = -1, 0 = n + 2*t. Let f(i) = -2*i**2 - 4*i + 1 - 2 - i + i**n. What are the prime factors of f(-4)?
3
Let x = 1 + -1. Let k be x/((-1)/3*-3). Let s = k - -2. List the prime factors of s.
2
Suppose 5*h = 4*d - 881, -2*d + 438 = -0*d - 2*h. What are the prime factors of d?
2, 107
Suppose u + 3*t + 5 = 0, 0 = 2*u + 2*t + 6. Let a = u + 4. Suppose 11 = 4*z - j, 0 = a*z - 4*j - 13 - 3. What are the prime factors of z?
2
Suppose -11*o + 593 = 76. List the prime factors of o.
47
Let p = -4 - -6. Suppose -p*f = -5*f + 102. Let a = f - 23. List the prime factors of a.
11
Suppose -4 = 2*k + 4*q - 26, q = k - 11. Suppose -5*r + 114 = -k. What are the prime factors of r?
5
Let v = -67 + 106. List the prime factors of v.
3, 13
List the prime factors of ((-1)/(-1) - -41) + 4.
2, 23
Let z be 3/4 + 890/8. Suppose -4*h + 4 = -z. What are the prime factors of h?
29
Suppose -3*d + 4 - 1 = 2*k, -4*k + 1 = d. Let n be 4 - -1 - 1/d. List the prime factors of 12/(-9)*(1 - n).
2
Let x(q) be the second derivative of 5*q**3/3 - 3*q**2/2 + 2*q. What are the prime factors of x(2)?
17
Let o = 3 + -3. Suppose